se 12) to base 8.
6
What is 8 (base 12) in base 2?
1000
Convert 75 (base 13) to base 16.
60
Convert 0 (base 10) to base 14.
0
Convert 234 (base 5) to base 11.
63
What is 1b (base 13) in base 5?
44
-25 (base 9) to base 10
-23
What is 34 (base 8) in base 14?
20
71 (base 11) to base 14
58
What is 7 (base 14) in base 2?
111
Convert 2b (base 13) to base 10.
37
What is -30 (base 6) in base 7?
-24
What is a (base 14) in base 8?
12
What is -14 (base 7) in base 15?
-b
Convert -10101101 (base 2) to base 15.
-b8
What is -21 (base 14) in base 13?
-23
What is c4 (base 16) in base 10?
196
Convert 2 (base 5) to base 7.
2
7 (base 13) to base 14
7
Convert -21 (base 8) to base 12.
-15
Convert 2a (base 16) to base 14.
30
What is -3 (base 16) in base 3?
-10
-1 (base 15) to base 5
-1
14 (base 5) to base 2
1001
What is 110 (base 2) in base 5?
11
Convert -11 (base 3) to base 16.
-4
What is -68 (base 16) in base 3?
-10212
-1101 (base 4) to base 7
-144
98 (base 12) to base 13
8c
6 (base 13) to base 2
110
Convert 102 (base 5) to base 3.
1000
-19 (base 16) to base 2
-11001
-4 (base 10) to base 6
-4
31 (base 8) to base 10
25
10001 (base 2) to base 7
23
Convert 9 (base 10) to base 4.
21
What is -1 (base 5) in base 3?
-1
100101001 (base 2) to base 12
209
Convert 1 (base 15) to base 3.
1
32 (base 4) to base 9
15
Convert 13 (base 11) to base 15.
e
99 (base 12) to base 10
117
Convert a3 (base 14) to base 12.
bb
Convert -1 (base 5) to base 15.
-1
-a (base 13) to base 11
-a
54 (base 15) to base 13
61
Convert -110 (base 3) to base 11.
-11
Convert 19 (base 15) to base 2.
11000
What is 1330 (base 5) in base 15?
e5
What is 82 (base 10) in base 4?
1102
Convert 23 (base 16) to base 9.
38
What is -33 (base 13) in base 7?
-60
-4 (base 13) to base 10
-4
Convert -14 (base 5) to base 9.
-10
Convert -11 (base 5) to base 15.
-6
Convert -31 (base 4) to base 9.
-14
What is a9 (base 13) in base 12?
b7
-27 (base 16) to base 6
-103
What is 1 (base 6) in base 13?
1
Convert 2101 (base 3) to base 10.
64
Convert -22 (base 9) to base 11.
-19
Convert aa (base 13) to base 6.
352
120 (base 4) to base 6
40
Convert -51 (base 11) to base 4.
-320
Convert 4 (base 7) to base 11.
4
-441 (base 8) to base 2
-100100001
What is -1000 (base 3) in base 14?
-1d
-355 (base 6) to base 4
-2033
What is 7 (base 13) in base 7?
10
26 (base 16) to base 11
35
1020 (base 3) to base 2
100001
Convert -31 (base 14) to base 2.
-101011
What is 18 (base 11) in base 8?
23
14b (base 12) to base 16
cb
Convert 43 (base 14) to base 12.
4b
5 (base 11) to base 4
11
-420 (base 5) to base 6
-302
-4 (base 9) to base 6
-4
12 (base 3) to base 13
5
What is 17 (base 11) in base 10?
18
Convert 40 (base 6) to base 15.
19
Convert 2 (base 14) to base 9.
2
27 (base 16) to base 9
43
What is 84 (base 14) in base 7?
224
Convert 193 (base 10) to base 11.
166
Convert 223 (base 4) to base 7.
61
What is 8c (base 13) in base 16?
74
Convert 1122 (base 3) to base 4.
230
9 (base 13) to base 2
1001
Convert a (base 13) to base 8.
12
What is 124 (base 8) in base 6?
220
What is 150 (base 8) in base 4?
1220
What is 30 (base 8) in base 9?
26
-121 (base 4) to base 5
-100
What is -2d (base 14) in base 12?
-35
What is -14 (base 15) in base 8?
-23
Convert 177 (base 9) to base 5.
1101
Convert 15 (base 8) to base 15.
d
What is -85 (base 11) in base 4?
-1131
What is -211 (base 4) in base 14?
-29
What is 5 (base 9) in base 12?
5
What is -4 (base 13) in base 8?
-4
What is 206 (base 11) in base 5?
1443
What is 107 (base 13) in base 3?
20112
-101 (base 2) to base 4
-11
Convert -24 (base 9) to base 2.
-10110
What is -2 (base 16) in base 7?
-2
What is a7 (base 11) in base 6?
313
What is 23 (base 4) in base 6?
15
Convert -40 (base 6) to base 2.
-11000
-24 (base 5) to base 7
-20
What is -34 (base 12) in base 15?
-2a
Convert -20 (base 3) to base 9.
-6
What is 107 (base 8) in base 6?
155
3 (base 16) to base 5
3
What is -3 (base 15) in base 6?
-3
What is 16 (base 14) in base 5?
40
Convert 69 (base 10) to base 6.
153
What is -3b (base 14) in base 7?
-104
What is -10 (base 7) in base 16?
-7
333 (base 4) to base 11
58
Convert -10000 (base 2) to base 3.
-121
What is 4 (base 15) in base 8?
4
-3 (base 8) to base 13
-3
Convert -4d (base 14) to base 5.
-234
-7 (base 16) to base 12
-7
a5 (base 13) to base 4
2013
1 (base 15) to base 3
1
Convert 8 (base 13) to base 2.
1000
What is 466 (base 8) in base 3?
102111
32 (base 7) to base 10
23
What is 131 (base 6) in base 5?
210
3031 (base 4) to base 2
11001101
-15 (base 8) to base 15
-d
What is -110 (base 7) in base 5?
-211
What is 100 (base 2) in base 14?
4
What is -2 (base 15) in base 12?
-2
-100 (base 2) to base 13
-4
Convert 3 (base 13) to base 4.
3
120 (base 5) to base 4
203
What is 135 (base 6) in base 11?
54
What is 4c (base 13) in base 2?
1000000
Convert -1 (base 14) to base 11.
-1
What is 6 (base 16) in base 13?
6
1011 (base 2) to base 13
b
Convert -ad (base 14) to base 16.
-99
-100001 (base 2) to base 4
-201
Convert -5 (base 11) to base 13.
-5
What is -1002 (base 3) in base 4?
-131
23 (base 11) to base 2
11001
What is -44 (base 8) in base 2?
-100100
Convert -1 (base 14) to base 6.
-1
What is 1001 (base 4) in base 12?
55
Convert -233 (base 6) to base 5.
-333
-2 (base 13) to base 9
-2
What is -30 (base 5) in base 14?
-11
202 (base 7) to base 4
1210
28 (base 14) to base 16
24
12 (base 8) to base 5
20
-3 (base 11) to base 7
-3
What is 4 (base 8) in base 4?
10
What is -2 (base 7) in base 5?
-2
Convert 374 (base 10) to base 16.
176
-1 (base 16) to base 11
-1
-10 (base 2) to base 10
-2
Convert -12 (base 4) to base 8.
-6
Convert 0 (base 13) to base 4.
0
Convert 12 (base 4) to base 7.
6
Convert 9 (base 13) to base 9.
10
Convert -33 (base 9) to base 6.
-50
What is -2 (base 11) in base 13?
-2
-62 (base 13) to base 10
-80
0 (base 6) to base 9
0
What is -16 (base 11) in base 6?
-25
2c (base 13) to base 7
53
Convert b (base 16) to base 11.
10
Convert -4 (base 13) to base 4.
-10
Convert -198 (base 13) to base 8.
-446
Convert -51 (base 8) to base 2.
-101001
Convert 131 (base 4) to base 6.
45
-140 (base 5) to base 14
-33
-1112 (base 3) to base 9
-45
2010 (base 3) to base 10
57
11 (base 2) to base 7
3
Convert -3 (base 6) to base 5.
-3
Convert 32 (base 13) to base 4.
221
What is -13 (base 14) in base 15?
-12
24 (base 8) to base 2
10100
Convert -13 (base 15) to base 7.
-24
1 (base 9) to base 3
1
What is -1411 (base 6) in base 14?
-1c3
-1020 (base 3) to base 16
-21
Convert -440 (base 6) to base 16.
-a8
What is -31 (base 9) in base 3?
-1001
What is 2 (base 14) in base 3?
2
Convert 3 (base 7) to base 16.
3
What is -1 (base 7) in base 9?
-1
Convert -1201 (base 4) to base 7.
-166
-1 (base 3) to base 13
-1
-114 (base 12) to base 6
-424
What is 3 (base 13) in base 10?
3
Convert 1001 (base 2) to base 4.
21
Convert 1 (base 3) to base 6.
1
10 (base 3) to base 15
3
1 (base 6) to base 4
1
Convert -2 (base 4) to base 8.
-2
-2 (base 10) to base 7
-2
What is -1 (base 5) in base 3?
-1
Convert c (base 13) to base 11.
11
24 (base 15) to base 6
54
-34 (base 8) to base 6
-44
0 (base 12) to base 16
0
What is -a0 (base 14) in base 2?
-10001100
-3 (base 16) to base 4
-3
Convert -bb (base 12) to base 8.
-217
What is -112 (base 3) in base 16?
-e
10011 (base 2) to base 16
13
-43 (base 10) to base 11
-3a
1 (base 15) to base 11
1
236 (base 9) to base 4
3003
What is -c (base 14) in base 2?
-1100
Convert -7 (base 13) to base 8.
-7
Convert -125 (base 7) to base 10.
-68
-4 (base 6) to base 3
-11
-166 (base 9) to base 2
-10001101
131 (base 8) to base 5
324
Convert -12 (base 11) to base 12.
-11
Convert -2 (base 5) to base 4.
-2
-11 (base 12) to base 7
-16
What is -1d (base 15) in base 13?
-22
Convert 4 (base 12) to base 15.
4
2 (base 11) to base 9
2
What is -17 (base 9) in base 3?
-121
Convert -22 (base 15) to base 9.
-35
What is -94 (base 12) in base 11?
-a2
What is -17 (base 15) in base 7?
-31
What is 3 (base 13) in base 2?
11
335 (base 9) to base 5
2100
0 (base 6) to base 13
0
1 (base 9) to base 15
1
What is 5 (base 6) in base 12?
5
What is -2 (base 4) in base 5?
-2
Convert -15 (base 7) to base 3.
-110
What is -5 (base 8) in base 12?
-5
What is -55 (base 13) in base 9?
-77
Convert 1 (base 3) to base 9.
1
What is -36 (base 14) in base 15?
-33
Convert 1 (base 16) to base 3.
1
3 (base 9) to